{"id":462,"date":"2024-10-17T21:38:11","date_gmt":"2024-10-17T19:38:11","guid":{"rendered":"https:\/\/haetsaltour.fr\/?page_id=462"},"modified":"2025-06-22T22:07:07","modified_gmt":"2025-06-22T20:07:07","slug":"nos-programmes","status":"publish","type":"page","link":"https:\/\/haetsaltour.fr\/index.php\/nos-programmes\/","title":{"rendered":"Nos programmes"},"content":{"rendered":"<div class=\"wp-block-group alignfull has-global-padding is-content-justification-center is-layout-constrained wp-container-core-group-is-layout-df757ecc wp-block-group-is-layout-constrained\" style=\"margin-top:0;margin-bottom:0;padding-top:calc( 0.5 * var(--wp--style--root--padding-right, var(--wp--custom--gap--horizontal)));padding-right:var(--wp--style--root--padding-right, var(--wp--custom--gap--horizontal));padding-bottom:calc( 0.5 * var(--wp--style--root--padding-right, var(--wp--custom--gap--horizontal)));padding-left:var(--wp--style--root--padding-left, var(--wp--custom--gap--horizontal))\"><div style=\"height:calc( 0.25 * var(--wp--style--root--padding-right, var(--wp--custom--gap--horizontal)))\" aria-hidden=\"true\" class=\"wp-block-spacer\"><\/div>\n\n<div class=\"wp-block-group alignwide has-global-padding is-layout-constrained wp-block-group-is-layout-constrained\"><h2 class=\"wp-block-heading alignfull has-text-align-left\" style=\"font-style:normal\">Tous nos programmes actuels<\/h2><\/div>\n\n<div style=\"height:var(--wp--preset--spacing--20)\" aria-hidden=\"true\" class=\"wp-block-spacer\"><\/div>\n\n<div class=\"wp-block-columns alignwide is-layout-flex wp-container-core-columns-is-layout-d0846407 wp-block-columns-is-layout-flex\"><div class=\"wp-block-column is-layout-flow wp-block-column-is-layout-flow\"><figure class=\"wp-block-image size-full\"><img loading=\"lazy\" decoding=\"async\" width=\"510\" height=\"395\" src=\"http:\/\/haetsaltour.fr\/wp-content\/uploads\/2025\/04\/itaiwon-1.png\" alt=\"\" class=\"wp-image-646\" style=\"aspect-ratio:4\/3;object-fit:cover\" srcset=\"https:\/\/haetsaltour.fr\/wp-content\/uploads\/2025\/04\/itaiwon-1.png 510w, https:\/\/haetsaltour.fr\/wp-content\/uploads\/2025\/04\/itaiwon-1-300x232.png 300w\" sizes=\"auto, (max-width: 510px) 100vw, 510px\" \/><\/figure>\n\n<div style=\"height:4px\" aria-hidden=\"true\" class=\"wp-block-spacer\"><\/div>\n\n<div class=\"wp-block-group is-layout-flow wp-block-group-is-layout-flow\"><div class=\"wp-block-buttons is-layout-flex wp-block-buttons-is-layout-flex\"><div class=\"wp-block-button is-style-outline is-style-outline--1\"><a class=\"wp-block-button__link wp-element-button\" href=\"https:\/\/haetsaltour.fr\/index.php\/tour-bts\/\">Tour Petit Prix<\/a><\/div><\/div><\/div>\n\n<p class=\"is-service-description\">Un grand tour \u00e0 petit prix, accessible \u00e0 tous les budgets, sans compromis sur l&#8217;exp\u00e9rience. Ce circuit vous emm\u00e8ne \u00e0 la d\u00e9couverte des lieux les plus embl\u00e9matiques de S\u00e9oul : palais historique, quartiers vibrants, ruelles cach\u00e9es et panoramas \u00e0 couper le souffle.<\/p>\n\n<p>C&#8217;est une immersion compl\u00e8te, authentique et unique, pens\u00e9e pour vous faire vivre la Cor\u00e9e du Sud comme un local, sans vous ruiner.<\/p><\/div>\n\n<div class=\"wp-block-column is-layout-flow wp-block-column-is-layout-flow\"><figure class=\"wp-block-image size-full\"><img loading=\"lazy\" decoding=\"async\" width=\"798\" height=\"532\" src=\"https:\/\/haetsaltour.fr\/wp-content\/uploads\/2024\/10\/busann.jpg\" alt=\"\" class=\"wp-image-465\" style=\"aspect-ratio:4\/3;object-fit:cover\" srcset=\"https:\/\/haetsaltour.fr\/wp-content\/uploads\/2024\/10\/busann.jpg 798w, https:\/\/haetsaltour.fr\/wp-content\/uploads\/2024\/10\/busann-300x200.jpg 300w, https:\/\/haetsaltour.fr\/wp-content\/uploads\/2024\/10\/busann-768x512.jpg 768w, https:\/\/haetsaltour.fr\/wp-content\/uploads\/2024\/10\/busann-600x400.jpg 600w\" sizes=\"auto, (max-width: 798px) 100vw, 798px\" \/><\/figure>\n\n<div style=\"height:4px\" aria-hidden=\"true\" class=\"wp-block-spacer\"><\/div>\n\n<div class=\"wp-block-group is-layout-flow wp-block-group-is-layout-flow\"><div class=\"wp-block-buttons is-layout-flex wp-block-buttons-is-layout-flex\"><div class=\"wp-block-button is-style-outline is-style-outline--2\"><a class=\"wp-block-button__link wp-element-button\" href=\"https:\/\/haetsaltour.fr\/index.php\/tour-15-jours-aout-septembre-2025\/\">Tour Haetsal<\/a><\/div><\/div><\/div>\n\n<p class=\"is-service-description\">Programme de 15 jours \u00e0 travers la Cor\u00e9e du Sud.<\/p>\n\n<p class=\"is-service-description\">Plongez dans l&#8217;univers cor\u00e9en avec ce voyage unique dans plusieurs villes diff\u00e9rentes. Promenez-vous dans les quartiers branch\u00e9s de la capitale, plongez dans l&#8217;histoire d&#8217;une ancienne cit\u00e9 fortifi\u00e9e et d\u00e9tendez-vous sur les plages anim\u00e9es du sud du pays.<\/p><\/div>\n\n<div class=\"wp-block-column is-layout-flow wp-block-column-is-layout-flow\"><figure class=\"wp-block-image size-large\"><a href=\"https:\/\/haetsaltour.fr\/index.php\/notre-programme-tour-en-groupe\/\"><img loading=\"lazy\" decoding=\"async\" width=\"1024\" height=\"677\" src=\"https:\/\/haetsaltour.fr\/wp-content\/uploads\/2024\/10\/sakura-33333-1024x677.jpg\" alt=\"\" class=\"wp-image-464\" style=\"aspect-ratio:4\/3;object-fit:cover\" srcset=\"https:\/\/haetsaltour.fr\/wp-content\/uploads\/2024\/10\/sakura-33333-1024x677.jpg 1024w, https:\/\/haetsaltour.fr\/wp-content\/uploads\/2024\/10\/sakura-33333-300x198.jpg 300w, https:\/\/haetsaltour.fr\/wp-content\/uploads\/2024\/10\/sakura-33333-768x508.jpg 768w, https:\/\/haetsaltour.fr\/wp-content\/uploads\/2024\/10\/sakura-33333-1320x873.jpg 1320w, https:\/\/haetsaltour.fr\/wp-content\/uploads\/2024\/10\/sakura-33333-600x397.jpg 600w, https:\/\/haetsaltour.fr\/wp-content\/uploads\/2024\/10\/sakura-33333.jpg 1349w\" sizes=\"auto, (max-width: 1024px) 100vw, 1024px\" \/><\/a><\/figure>\n\n<div style=\"height:4px\" aria-hidden=\"true\" class=\"wp-block-spacer\"><\/div>\n\n<div class=\"wp-block-group is-layout-flow wp-block-group-is-layout-flow\"><div class=\"wp-block-buttons is-layout-flex wp-block-buttons-is-layout-flex\"><div class=\"wp-block-button is-style-outline is-style-outline--3\"><a class=\"wp-block-button__link wp-element-button\" href=\"https:\/\/haetsaltour.fr\/index.php\/notre-programme-tour-en-groupe\/\">Tour Sakura<\/a><\/div><\/div><\/div>\n\n<p class=\"is-service-description\">Un incontournable pour tout passionn\u00e9 de la Cor\u00e9e du Sud, \u00e0 vivre au moins une fois dans sa vie. Des lieux embl\u00e9matiques, m\u00ealant modernit\u00e9, histoire et immersion culturelle. Tout est con\u00e7u pour vous faire d\u00e9couvrir et aimer encore plus la Cor\u00e9e.<\/p><\/div><\/div><\/div><p><\/p>","protected":false},"excerpt":{"rendered":"<p>Tous nos programmes actuels Un grand tour \u00e0 petit prix, accessible \u00e0 tous les budgets, sans compromis sur l&#8217;exp\u00e9rience. Ce circuit vous emm\u00e8ne \u00e0 la d\u00e9couverte des lieux les plus embl\u00e9matiques de S\u00e9oul : palais historique, quartiers vibrants, ruelles cach\u00e9es et panoramas \u00e0 couper le souffle. C&#8217;est une immersion compl\u00e8te, authentique et unique, pens\u00e9e pour [&hellip;]<\/p>\n","protected":false},"author":1,"featured_media":0,"parent":0,"menu_order":0,"comment_status":"closed","ping_status":"closed","template":"","meta":{"footnotes":""},"class_list":["post-462","page","type-page","status-publish","hentry"],"jetpack_sharing_enabled":true,"_links":{"self":[{"href":"https:\/\/haetsaltour.fr\/index.php\/wp-json\/wp\/v2\/pages\/462","targetHints":{"allow":["GET"]}}],"collection":[{"href":"https:\/\/haetsaltour.fr\/index.php\/wp-json\/wp\/v2\/pages"}],"about":[{"href":"https:\/\/haetsaltour.fr\/index.php\/wp-json\/wp\/v2\/types\/page"}],"author":[{"embeddable":true,"href":"https:\/\/haetsaltour.fr\/index.php\/wp-json\/wp\/v2\/users\/1"}],"replies":[{"embeddable":true,"href":"https:\/\/haetsaltour.fr\/index.php\/wp-json\/wp\/v2\/comments?post=462"}],"version-history":[{"count":22,"href":"https:\/\/haetsaltour.fr\/index.php\/wp-json\/wp\/v2\/pages\/462\/revisions"}],"predecessor-version":[{"id":707,"href":"https:\/\/haetsaltour.fr\/index.php\/wp-json\/wp\/v2\/pages\/462\/revisions\/707"}],"wp:attachment":[{"href":"https:\/\/haetsaltour.fr\/index.php\/wp-json\/wp\/v2\/media?parent=462"}],"curies":[{"name":"wp","href":"https:\/\/api.w.org\/{rel}","templated":true}]}}